s digit of 488?
8
What is the units digit of 1473?
3
What is the units digit of 1857?
7
What is the units digit of 1573?
3
What is the thousands digit of 25180?
5
What is the tens digit of 9943?
4
What is the thousands digit of 1181?
1
What is the thousands digit of 5930?
5
What is the units digit of 172?
2
What is the tens digit of 244?
4
What is the hundreds digit of 2752?
7
What is the thousands digit of 2431?
2
What is the units digit of 872?
2
What is the thousands digit of 18164?
8
What is the hundreds digit of 770?
7
What is the hundreds digit of 19754?
7
What is the thousands digit of 59422?
9
What is the tens digit of 98?
9
What is the units digit of 60736?
6
What is the tens digit of 1622?
2
What is the thousands digit of 60489?
0
What is the ten thousands digit of 15077?
1
What is the units digit of 343?
3
What is the units digit of 1979?
9
What is the units digit of 982?
2
What is the tens digit of 14248?
4
What is the hundreds digit of 989?
9
What is the ten thousands digit of 21679?
2
What is the tens digit of 1540?
4
What is the units digit of 93092?
2
What is the units digit of 115?
5
What is the thousands digit of 2174?
2
What is the thousands digit of 24031?
4
What is the hundreds digit of 22766?
7
What is the thousands digit of 39006?
9
What is the units digit of 1487?
7
What is the thousands digit of 5677?
5
What is the units digit of 651?
1
What is the hundreds digit of 59785?
7
What is the tens digit of 2600?
0
What is the units digit of 337?
7
What is the ten thousands digit of 23962?
2
What is the units digit of 716?
6
What is the thousands digit of 4817?
4
What is the hundreds digit of 2586?
5
What is the units digit of 7435?
5
What is the units digit of 93329?
9
What is the thousands digit of 1269?
1
What is the thousands digit of 5614?
5
What is the thousands digit of 9993?
9
What is the hundreds digit of 18871?
8
What is the tens digit of 13610?
1
What is the thousands digit of 16806?
6
What is the units digit of 28024?
4
What is the units digit of 1828?
8
What is the hundreds digit of 13441?
4
What is the tens digit of 100?
0
What is the hundreds digit of 2449?
4
What is the hundreds digit of 310?
3
What is the hundreds digit of 722?
7
What is the thousands digit of 189119?
9
What is the hundreds digit of 774?
7
What is the thousands digit of 5229?
5
What is the units digit of 485?
5
What is the tens digit of 12066?
6
What is the thousands digit of 43303?
3
What is the tens digit of 431?
3
What is the tens digit of 19418?
1
What is the hundreds digit of 3929?
9
What is the hundreds digit of 5098?
0
What is the tens digit of 4820?
2
What is the tens digit of 1079?
7
What is the tens digit of 7155?
5
What is the hundreds digit of 90567?
5
What is the thousands digit of 21369?
1
What is the ten thousands digit of 26930?
2
What is the thousands digit of 34885?
4
What is the tens digit of 2636?
3
What is the thousands digit of 1173?
1
What is the hundreds digit of 187?
1
What is the tens digit of 4326?
2
What is the hundreds digit of 6195?
1
What is the units digit of 1691?
1
What is the tens digit of 47384?
8
What is the units digit of 189889?
9
What is the tens digit of 12914?
1
What is the tens digit of 148629?
2
What is the thousands digit of 22106?
2
What is the units digit of 61441?
1
What is the units digit of 1463?
3
What is the tens digit of 687?
8
What is the thousands digit of 2254?
2
What is the hundreds digit of 728?
7
What is the units digit of 46?
6
What is the tens digit of 8370?
7
What is the hundreds digit of 7417?
4
What is the tens digit of 3594?
9
What is the ten thousands digit of 11517?
1
What is the thousands digit of 7201?
7
What is the thousands digit of 5868?
5
What is the hundreds digit of 2986?
9
What is the thousands digit of 1843?
1
What is the tens digit of 5785?
8
What is the hundreds digit of 1515?
5
What is the tens digit of 952?
5
What is the units digit of 1375?
5
What is the units digit of 5185?
5
What is the thousands digit of 1432?
1
What is the units digit of 25653?
3
What is the hundreds digit of 6919?
9
What is the tens digit of 45?
4
What is the ten thousands digit of 42909?
4
What is the hundreds digit of 47641?
6
What is the hundreds digit of 2442?
4
What is the thousands digit of 50436?
0
What is the hundreds digit of 778?
7
What is the hundreds digit of 29079?
0
What is the tens digit of 3077?
7
What is the units digit of 3569?
9
What is the ten thousands digit of 32810?
3
What is the hundred thousands digit of 159096?
1
What is the ten thousands digit of 102835?
0
What is the ten thousands digit of 119630?
1
What is the hundreds digit of 1472?
4
What is the units digit of 194?
4
What is the thousands digit of 12950?
2
What is the units digit of 550?
0
What is the tens digit of 618?
1
What is the units digit of 50944?
4
What is the thousands digit of 24170?
4
What is the tens digit of 61766?
6
What is the hundreds digit of 1528?
5
What is the thousands digit of 21603?
1
What is the units digit of 9955?
5
What is the thousands digit of 71408?
1
What is the units digit of 36101?
1
What is the tens digit of 53703?
0
What is the thousands digit of 3125?
3
What is the thousands digit of 95883?
5
What is the hundreds digit of 15758?
7
What is the units digit of 43583?
3
What is the ten thousands digit of 18589?
1
What is the tens digit of 12294?
9
What is the tens digit of 3514?
1
What is the units digit of 19944?
4
What is the units digit of 22516?
6
What is the units digit of 25432?
2
What is the units digit of 6625?
5
What is the hundreds digit of 396?
3
What is the units digit of 18728?
8
What is the thousands digit of 6282?
6
What is the tens digit of 1224?
2
What is the units digit of 13956?
6
What is the tens digit of 24708?
0
What is the units digit of 853?
3
What is the tens digit of 14945?
4
What is the hundreds digit of 5051?
0
What is the thousands digit of 19383?
9
What is the units digit of 10774?
4
What is the thousands digit of 2630?
2
What is the tens digit of 13193?
9
What is the thousands digit of 1096?
1
What is the thousands digit of 5243?
5
What is the tens digit of 3376?
7
What is the units digit of 974?
4
What is the units digit of 315?
5
What is the thousands digit of 2509?
2
What is the thousands digit of 12802?
2
What is the units digit of 85?
5
What is the thousands digit of 97022?
7
What is the units digit of 236?
6
What is the hundreds digit of 1020?
0
What is the thousands digit of 14458?
4
What is the ten thousands digit of 11615?
1
What is the tens digit of 10593?
9
What is the units digit of 47657?
7
What is the thousands digit of 1693?
1
What is the thousands digit of 115862?
5
What is the hundreds digit of 769?
7
What is the thousands digit of 39866?
9
What is the hundreds digit of 11249?
2
What is the tens digit of 3707?
0
What is the ten thousands digit of 62826?
6
What is the units digit of 1385?
5
What is the units digit of 925?
5
What is the hundreds digit of 4237?
2
What is the ten thousands digit of 140031?
4
What is the thousands digit of 118015?
8
What is the thousands digit of 103681?
3
What is the tens digit of 914?
1
What is the hundreds digit of 303?
3
What is the thousands digit of 24649?
4
What is the hundreds digit of 21120?
1
What is the tens digit of 107?
0
What is the thousands digit of 52391?
2
What is the tens digit of 72332?
3
What is the thousands digit of 8842?
8
What is the tens digit of 17683?
8
What is the thousands digit of 1230?
1
What is the units digit of 43533?
3
What is the hundreds digit of 13186?
1
What is the tens digit of 580?
8
What is the units digit of 85?
5
What is the ten thousands digit of 16528?
1
What is the hundreds digit of 188?
1
What is the tens digit of 3097?
9
What is the tens digit of 557?
5
What is the tens digit of 9300?
0
What is the tens digit of 1815?
1
What is the tens digit of 26235?
3
What is the ten thousands digit of 11081?
1
What is the thousands digit of 2541?
2
What is the units digit of 97?
7
What is the ten thousands digit of 17717?
1
What is the thousands digit of 1834?
1
What is the units digit of 1425?
5
What is the tens digit of 1785?
8
What is the thousands digit of 5270?
5
What is the units digit of 1647?
7
What is the thousands digit of 5678?
5
What is the tens digi